{"id":3,"date":"2021-08-14T22:11:28","date_gmt":"2021-08-14T22:11:28","guid":{"rendered":"https:\/\/faicol.com\/page\/?page_id=3"},"modified":"2025-12-11T01:48:55","modified_gmt":"2025-12-11T01:48:55","slug":"terminos-y-condiciones","status":"publish","type":"page","link":"https:\/\/faicol.com\/page\/terminos-y-condiciones\/","title":{"rendered":"T\u00e9rminos y Condiciones"},"content":{"rendered":"<p>[vc_row][vc_column][vc_column_text]<\/p>\n<h2 class=\"wp-block-heading\">T\u00e9rminos y Condiciones Legales de la Empresa<\/h2>\n\n<p>\u00a0<\/p>\n<p>Respetado usuario, bienvenido a La Empresa; FAICOL S A S, est\u00e1 dise\u00f1ada para facilitarle a usted el acceso a la informaci\u00f3n completa de nuestra empresa, servicios y productos en la p\u00e1gina lo podr\u00e1 visualizar en www.faicol.com<\/p>\n\n<p>Se establece que el acceso y uso por parte de los usuarios (el \u201cUsuario\u201d o \u201cUsuarios\u201d) del portal de La Empresa; FAICOL S A S, se regir\u00e1 por los siguientes t\u00e9rminos y condiciones: El acceso al Portales Web; www.faicol.com , atribuye la condici\u00f3n de nuestra empresa y sus pol\u00edticas de manejo de informaci\u00f3n de usuarios mismo e implica la aceptaci\u00f3n plena y sin reserva de todos los t\u00e9rminos y condiciones de su informaci\u00f3n y el uso y aceptaci\u00f3n que se encuentren vigentes en el momento mismo en que el usuario acceda al Portal Web de La Empresa: FAICOL S A S, y el contrato o convenio del servicio, entre el usuario o empresa con La Empresa; FAICOL S A S.<\/p>\n<p>La empresa podr\u00e1 llevar a cabo todas las acciones legales que sean necesarias para remediar cualquier violaci\u00f3n a los presentes T\u00e9rminos y Condiciones de uso del Portal Web de La Empresa; FAICOL S A S, incluso el de restringir el acceso a este sitio a determinados usuarios.<\/p>\n\n<p>Los productos y servicios que ofrece La Empresa; FAICOL S A S, que se encuentra dentro del portal Web, que tiene por objeto facilitar a los clientes de La Empresa; FAICOL S A S, y al p\u00fablico en general, entre otros, informaci\u00f3n relativa a los servicios y productos que se ofrecen, de acuerdo con lo establecido en la normatividad vigente en materia de comercio electr\u00f3nico y protecci\u00f3n al consumidor, para cualquier consulta o petici\u00f3n se puede escribir al siguiente correo electr\u00f3nico; ventas@faicol.com<\/p>\n\n\n<p>&nbsp;<\/p>\n<p>[\/vc_column_text][\/vc_column][\/vc_row]<\/p>\n","protected":false},"excerpt":{"rendered":"<p>[vc_row][vc_column][vc_column_text] T\u00e9rminos y Condiciones Legales de la Empresa \u00a0 Respetado usuario, bienvenido a La Empresa; FAICOL S A S, est\u00e1 dise\u00f1ada para facilitarle a usted el acceso a la informaci\u00f3n completa de nuestra empresa, servicios y productos en la p\u00e1gina lo podr\u00e1 visualizar en www.faicol.com Se establece que el acceso y uso por parte de [&hellip;]<\/p>\n","protected":false},"author":1,"featured_media":0,"parent":0,"menu_order":0,"comment_status":"closed","ping_status":"open","template":"","meta":{"footnotes":""},"class_list":["post-3","page","type-page","status-publish","hentry"],"_links":{"self":[{"href":"https:\/\/faicol.com\/page\/wp-json\/wp\/v2\/pages\/3","targetHints":{"allow":["GET"]}}],"collection":[{"href":"https:\/\/faicol.com\/page\/wp-json\/wp\/v2\/pages"}],"about":[{"href":"https:\/\/faicol.com\/page\/wp-json\/wp\/v2\/types\/page"}],"author":[{"embeddable":true,"href":"https:\/\/faicol.com\/page\/wp-json\/wp\/v2\/users\/1"}],"replies":[{"embeddable":true,"href":"https:\/\/faicol.com\/page\/wp-json\/wp\/v2\/comments?post=3"}],"version-history":[{"count":6,"href":"https:\/\/faicol.com\/page\/wp-json\/wp\/v2\/pages\/3\/revisions"}],"predecessor-version":[{"id":2385,"href":"https:\/\/faicol.com\/page\/wp-json\/wp\/v2\/pages\/3\/revisions\/2385"}],"wp:attachment":[{"href":"https:\/\/faicol.com\/page\/wp-json\/wp\/v2\/media?parent=3"}],"curies":[{"name":"wp","href":"https:\/\/api.w.org\/{rel}","templated":true}]}}